r of l?
False
Let r(u) = -u**3 - 4*u**2 + 9*u + 4. Let z be r(-6). Suppose c = 5*h - 2*c + 86, 2*h + 4*c + 24 = 0. Let i = h + z. Does 6 divide i?
True
Let l = -141 + 219. Does 26 divide l?
True
Let m(d) be the first derivative of 15*d**4/2 + d - 2. Let a be m(1). Let r = a + -8. Is 14 a factor of r?
False
Let c(t) = -8*t - 44. Does 20 divide c(-10)?
False
Suppose 2*g = 3*g - 32. Is 16 a factor of g?
True
Let t(x) = 3*x + 3. Does 4 divide t(5)?
False
Suppose o + 5*c = 2*o - 4, 0 = -2*c. Suppose b = o*b - 18. Suppose 0 = 5*y + 3*d - b*d - 47, 3*d = -3*y + 9. Is y a multiple of 7?
True
Let x(a) = a**3 + a**2 + a - 1. Let m be x(0). Let c = m + 3. Suppose 2*j = -5*n + 40, c*j + 0*n - n = 28. Does 10 divide j?
False
Let a(s) = 433*s**2 - 2*s - 3. Is a(-1) a multiple of 30?
False
Let d = -40 + 102. Is 15 a factor of d?
False
Suppose -9*l = -5*l - 200. Does 25 divide l?
True
Let o(u) be the first derivative of u**3 + 5*u**2/2 - 4*u - 1. Let n be -1 + (3 + 13)/4. Is o(n) a multiple of 23?
False
Let q = 21 - 3. Let r = 8 - q. Let v = -6 - r. Is 3 a factor of v?
False
Does 24 divide 10/85 + 6526/17?
True
Let t(g) = 13*g - 9. Is t(6) a multiple of 25?
False
Let v be 2 + (-1)/1 + -2. Let c be (1 - v) + 0 + 13. Suppose 0 = p - r - 5, -r + 2*r - c = -p. Is 5 a factor of p?
True
Suppose 302 = 4*n - m, -4*n = -0*n - 4*m - 296. Let f = n + -30. Is f a multiple of 10?
False
Let v be ((-1)/3)/(-1)*9. Let n be 2*v + -2 + -1. Suppose s + 19 = c, 2*c + c + n*s - 45 = 0. Does 17 divide c?
True
Suppose -w - 4*y + 78 = -y, -4*w + 282 = 2*y. Suppose w = -4*m + m. Let r = m - -34. Is r a multiple of 9?
False
Let b = -6 + 15. Is b a multiple of 3?
True
Suppose 0 = r, -106 = -2*t - 5*r + 90. Does 14 divide t?
True
Suppose -12*a + 8*a = -60. Does 5 divide a?
True
Let s = -5 - -6. Let z(v) = -9*v**3. Let k be z(s). Let b = 19 + k. Is 5 a factor of b?
True
Let s(r) be the second derivative of r**5/20 - r**4/4 - r**3/3 + 3*r**2 + r. Does 14 divide s(4)?
True
Let y(r) = -4*r**2 - 5 + 2*r + 3*r**3 - 2*r**2 - 4*r**3. Does 15 divide y(-7)?
True
Suppose 0 = 121*b - 116*b - 140. Is 28 a factor of b?
True
Suppose 3*g - 7 = 2*g. Let a = -19 - -15. Let u = a + g. Is u a multiple of 3?
True
Suppose -5*z - 3 = -13. Suppose -16 = -n - 4*f, -z*f + 4*f = -3*n + 18. Does 3 divide n?
False
Let n be -1*(-11 - (0 + 2)). Suppose -3*w + n = -5. Does 2 divide w?
True
Let q = 81 - -18. Is q a multiple of 10?
False
Let a be 1/4 - (-33)/12. Suppose 3*g - 758 = -5*q, 0 = 5*q - 2*q + 4*g - 457. Suppose -a*b + 11 = -q. Does 19 divide b?
False
Suppose -3*o - 2*n - 3*n = -18, -n + 3 = 0. Is 8 a factor of (o - 17)/((-1)/2)?
True
Suppose 5*q = -131 + 421. Does 24 divide q?
False
Let l be (-6)/(3 - 0) - -82. Suppose -5*n = -3*h - h - 161, -2*n + 126 = -3*h. Let d = l + h. Is 18 a factor of d?
True
Suppose -2*b = 77 + 19. Let j = -10 - b. Is j a multiple of 20?
False
Let r be 4/2 + (1 - 3). Let y(d) = d**2 - 2. Let b be y(r). Does 18 divide 2/(b/(-108)*3)?
True
Suppose 2*h = 9*h - 224. Is h a multiple of 17?
False
Let l = -17 + 8. Let s = 17 - 2. Let b = l + s. Is 3 a factor of b?
True
Is 13 + (0 - 4) + (-1)/1 a multiple of 4?
True
Suppose -2*x - 3*j = -6 - 0, -5*x - 4*j = -15. Suppose -2*d = 3*u + x*d - 50, 5*u - 5*d - 70 = 0. Is 6 a factor of u?
False
Let w be (-267)/5 - (-12)/(-20). Let p = w + 94. Is 16 a factor of p?
False
Suppose -177 = f + 2*f. Let u = 84 + f. Is u a multiple of 23?
False
Suppose 2*x = 3*t + 87, -2*x - t = -7*x + 185. Is x a multiple of 12?
True
Let a(y) = -6*y - 1. Is a(-7) a multiple of 8?
False
Let g(b) = -b**2 + b + 4. Let m be g(-2). Let w(t) = 11*t**2 + 2*t. Is 9 a factor of w(m)?
False
Let y = 16 + -11. Suppose -2*k - 18 = -y*k. Does 3 divide k?
True
Does 5 divide 3 - (-3)/(-4 + 5)?
False
Let i be 6/8 + 13/4. Suppose i*d + 85 = 3*w - 0*w, 0 = -5*w + 2*d + 123. Is 8 a factor of w?
False
Does 13 divide 170/8 - (3 - 5)/(-8)?
False
Let r be (5/15)/((-2)/(-24)). Suppose -2*t + 0*t - 2 = 0. Is (35/r)/(t/(-4)) a multiple of 12?
False
Let s(m) = -5*m + 21. Let o(z) = -2*z + 10. Let c(g) = 7*o(g) - 3*s(g). Is c(6) a multiple of 13?
True
Suppose 6*a = 4*a + 442. Is a a multiple of 36?
False
Let q(t) = 4*t - 13. Let g be q(5). Let c(k) be the first derivative of k**2/2 - k - 1. Is 6 a factor of c(g)?
True
Is 2 a factor of 26/6 + (-7)/21?
True
Let p(i) = 2*i**3 - 5*i**2 + 7*i + 11. Let h(y) = 3*y**3 - 11*y**2 + 15*y + 22. Let j(s) = -3*h(s) + 5*p(s). Let n be j(-9). Is 2 + n + 5*2 a multiple of 5?
True
Let i be ((-1)/(-3))/(5/315). Is 12 a factor of i - (-6)/((-6)/(-3))?
True
Suppose 9*d = 4*d + 20. Suppose 4*g - 38 = -5*o, d*o - 3*g - 18 = -0*g. Let h = 28 - o. Is 11 a factor of h?
True
Suppose -c - 5*r = 31, -3 = -2*r + 7. Is (6/2)/((-6)/c) a multiple of 27?
False
Is 42 - 4/(2 - 1) a multiple of 19?
True
Suppose -3*m + 62 = -112. Does 29 divide m?
True
Does 25 divide ((-216)/(-15))/(4/30)?
False
Suppose 6*c = 5*c. Let s be -1 + 0 - (-3 - -2). Suppose s*g - 2*g + 14 = c. Is 3 a factor of g?
False
Suppose -392 = -3*l - 5*l. Is l a multiple of 7?
True
Let t(c) = -c - 2. Is t(-14) a multiple of 6?
True
Let i(g) = -g + 16. Does 11 divide i(-19)?
False
Suppose c - 7 - 4 = -5*s, 0 = -2*c + 2*s + 22. Does 11 divide c?
True
Is (0 + 6)/((-6)/(-21)) a multiple of 5?
False
Suppose 5*x - 4*x - 3 = 0. Does 9 divide 117/((-9)/x)*-1?
False
Let z(y) = 10*y + 6. Is z(4) a multiple of 13?
False
Suppose 9*l - 259 + 16 = 0. Is 2 a factor of l?
False
Let r(c) = 12*c**2 + 9*c + 29. Does 10 divide r(-4)?
False
Suppose 0 = -5*s + 2*w + 35, 2*s - 4*w + 0*w = -2. Is 5 a factor of s?
False
Does 5 divide (-4)/(2 - 4) + 13?
True
Let a = 221 + -151. Is 10 a factor of a?
True
Let x(h) = h**2 + 3*h + 1. Let d = -6 + 0. Is x(d) a multiple of 19?
True
Let h(a) = a + 2. Let p(r) = -r**3 - r**2. Let g be p(-1). Let f be h(g). Suppose 2*q + f = -o + 11, -4*o + 45 = -q. Is o a multiple of 7?
False
Suppose c + 1 = 5. Let u be (-2)/(-2)*1*2. Suppose 4*s + 8 = c*g, u*g - s = -4*s + 19. Does 2 divide g?
False
Suppose 2*k = 4*i + 4, -5*i + 0*i + 4*k - 11 = 0. Let j be (-1 + 0)*i*6. Is 4 a factor of 16/(-3)*j/4?
True
Let z(y) be the third derivative of y**6/120 - y**5/10 - y**4/6 + 2*y**3/3 - y**2. Let f be z(6). Let g = -8 - f. Does 7 divide g?
False
Let g = 122 - 66. Is g a multiple of 26?
False
Is 14 a factor of (-2)/((-1630)/542 + 3)?
False
Suppose -g + 3*x + 24 = 5*x, 72 = 3*g + x. Is g a multiple of 6?
True
Let c be (-20)/(-7)*14/4. Let j(s) = s + s + c*s. Does 15 divide j(3)?
False
Suppose 43 + 33 = 2*u. Is 11 a factor of u?
False
Let u = 2 - 0. Let g(r) = 8*r + 1. Is 17 a factor of g(u)?
True
Let m be -2 + 14/((-8)/(-4)). Let s(a) = 2*a + 1. Let b be s(2). Suppose t + 0*t = -4*j, m*t = b*j + 100. Does 10 divide t?
False
Let b be (-6)/30 - 2/(-10). Suppose b*z - 4*r = -4*z + 128, -2*z = 4*r - 52. Is z a multiple of 4?
False
Let j = 12 + -6. Suppose -5*r + 0*t + 4*t - 16 = 0, 5*t - 20 = 4*r. Let x = j + r. Does 3 divide x?
True
Suppose -2*y - 10*y + 2052 = 0. Is 19 a factor of y?
True
Let q = -4 - -4. Suppose -5*l = o - l - 13, -5*o + 4*l + 113 = q. Is o a multiple of 16?
False
Suppose 425 + 40 = 5*n. Does 7 divide n?
False
Let v be 14/4 + 6/(-4). Let y be (16/(-20))/(v/(-5)). Suppose 5*o - 24 = y*o. Does 4 divide o?
True
Let u = 60 - 35. Is 8 a factor of u?
False
Let p be 1*(-3)/((-6)/4). Let z(t) = -3 + 6*t + 5 + 3 + 4*t**p. Does 15 divide z(-4)?
True
Let k(s) = 2*s**2 + 7*s + 11. Does 8 divide k(-5)?
False
Let i be (-6 - -73) + 0 + -1. Let c be (i/(-4))/((-3)/4). Suppose o + 0*o - c = 0. Is 16 a factor of o?
False
Let c be (-2)/(-3)*3000/16. Let w = -89 + c. Is 9 a factor of w?
True
Let n(o) = -6*o**3 - o**2 - 2*o - 1. Let d be n(-1). Suppose v - 7 - d = 0. Does 11 divide v?
False
Let q = -6 + 46. Is q a multiple of 11?
False
Let a(l) be the third derivative of 2*l**2 + 0 + 0*l - 3/8*l**4 + 1/2*l**3. Does 24 divide a(-5)?
True
Is 48/30*15/6 a multiple of 4?
True
Suppose 0*h = -h + 2*l + 52, -3*l + 221 = 5*h. Is 14 a factor of h?
False
Let l(d) = -2*d - 1. Let g be (-3)/4 + (-3)/(-4). Suppose 5*n + 4 + 11 = g. Is l(n) even?
False
Let q be (-2 - 0 - -1)/1. Let x = 1 - q. Suppose -x*b - 12 = -70. Is b a multiple of 12?
False
Suppose -4*y - 910 = -11*y. Is y a multiple of 10?
True
Let s(m) be the first derivative of -7*m